se -20*o + 81 = -145 - 54. Let n = 352 + -216. Suppose 4*v - n = 2*v. What is the remainder when v is divided by o?
12
Let t(d) = 1 + 2*d - 2 - d**2 - 3*d**3 + 0*d**2 + 7*d**3. Suppose 14*m - 18*m + 116 = -4*a, -m - 4*a = 6. Calculate the remainder when m is divided by t(1).
2
Let n(r) = 3*r**2 - 73*r + 285. What is the remainder when n(25) is divided by 10?
5
Suppose 6*h = 3*h + 309. Let w be (-21)/(-7) + 0/3. Let i(q) = q**3 - q**2 + 3*q - 1. Calculate the remainder when h is divided by i(w).
25
Suppose 21*m + 19*m - 2320 = 0. Suppose -2*y + 132 = -m. What is the remainder when y is divided by 47?
1
Let z(v) be the third derivative of -v**5/60 - 3*v**4/8 + 4*v**3 + 46*v**2. Calculate the remainder when 49 is divided by z(-9).
1
What is the remainder when 2 - -1 - 10/(-2) is divided by 6 + (54 + -55)/((-2)/(-10))?
0
Let p(t) be the second derivative of 11/3*t**3 + 1/20*t**5 + 8*t**2 + 0 + 38*t + 11/12*t**4. What is the remainder when p(-8) is divided by 11?
10
Suppose 3*h + 68*a = 64*a + 66, -2*a = -2*h + 16. What is the remainder when 670 is divided by h?
12
Let d = 25 - 41. Calculate the remainder when ((-261)/(-6))/((-4)/d*3) is divided by 18.
4
Suppose 178*p + 3*b + 31 = 182*p, 3*p - 4*b = 11. Let m(x) = 30*x**2 + x. Calculate the remainder when m(2) is divided by p.
5
Let p be 9/(-5 - 4) - 459. Let c = 475 + p. What is the remainder when 58 is divided by c?
13
Let y(t) = -34*t**2 - 7*t - 1. Let q be y(-1). Calculate the remainder when 227 is divided by (-246)/(-7) + 3 + 4/q.
37
Suppose -5*u + 4258 = -4*o - 2589, 0 = 2*u + 3*o - 2748. What is the remainder when u is divided by 98?
97
Suppose -7*j + 15*j = 7*j + 6, 3*i - 6*j = -3 - 6. Let h be -169*1/(1/(-1)). Suppose h = 5*t - 1. Calculate the remainder when t is divided by i.
7
Suppose -2*l + 165 = -7*l. Let v be (-49)/2*(-62)/(-31). Let y = l - v. Calculate the remainder when 46 is divided by y.
14
Let i(m) = -4 + 0 - 56*m + 4. Let h be i(-1). Let r = h + -33. Calculate the remainder when 51 is divided by r.
5
Suppose 4*y = -0*r - 2*r + 52, 2*y = 3*r + 42. Let k(q) = 85*q**3 + 3*q**2 - 4*q + 2. What is the remainder when k(1) is divided by y?
11
Let b = -323 + 530. Suppose 2*u = b + 43. Suppose 5*i = -3*n + 83, 4*n - n = -2*i + 71. Calculate the remainder when u is divided by n.
20
Let h(s) = -6*s + 37. Let k = 32 + -44. Let q be h(k). Suppose 4*p - q = -9. Calculate the remainder when 48 is divided by p.
23
Let m = -10326 + 10751. What is the remainder when m is divided by 119?
68
Suppose -18 = 3*o - 33. Suppose o*f - 11 = v, -4*v - v + 61 = 4*f. Suppose -54 = -3*j - v. Calculate the remainder when 44 is divided by j.
14
Suppose 2*w + 888 = s, 3*s - 8*w = -5*w + 2658. What is the remainder when s is divided by 293?
5
Let r = -833218 + 833227. Let w = 292 - 97. Calculate the remainder when w is divided by r.
6
Suppose 11 = 2*d - 11. Let m(p) be the second derivative of p**5/4 + p**4/4 - 4*p**3/3 + 2*p**2 - 31*p - 2. What is the remainder when m(2) is divided by d?
7
Let i(l) = 5*l**2 + 3*l + 7. Let w(p) = p**3 - 5*p**2 - 10*p + 12. Suppose 8 = 3*q - 2*q. What is the remainder when w(q) is divided by i(-2)?
19
Let w = -8 + 13. Suppose 76 = 9*p - w*p. Suppose -9*t + 4*t = -5*a + 65, 2*a - t - 24 = 0. What is the remainder when p is divided by a?
8
Let c = -19616 + 19678. What is the remainder when 6075 is divided by c?
61
Let n(g) = -g**3 - 52*g**2 - 37*g + 94. Calculate the remainder when n(-52) is divided by 201.
8
Let t(k) = -k**2 + 3*k + 30. Let h be t(7). Suppose 83 = 4*v - 3*u, h*u = -5*v + 20 + 55. Calculate the remainder when 49 is divided by v.
15
Suppose 0*g = -3*g + 1359. Let u(s) = s**2 + 3. What is the remainder when g is divided by u(4)?
16
Suppose 180*t - 173*t - 392 = 0. Suppose 4*v - z - 96 = -5*z, 2*z = 8. Calculate the remainder when t is divided by v.
16
Let f = 498 + 15. Suppose -f = 6*d - 15*d. What is the remainder when d is divided by (-3)/((-8)/(-10) + -1)?
12
Suppose 34*z = -39*z + 5329. What is the remainder when z is divided by 36?
1
What is the remainder when 468 is divided by 66*3*(-5)/(-150)*(1 + 4)?
6
Let r = 63 + -50. Suppose 2*l = 207 - 39. Let v = l + -8. What is the remainder when v is divided by r?
11
Suppose 0 = -120*h + 88*h + 140*h - 6912. Calculate the remainder when h is divided by 1*18 + 1*-1.
13
Suppose -2*j = 5*n - 585, 8*j - 10*j + 3*n + 609 = 0. Calculate the remainder when j is divided by 33.
3
Suppose 3*k + g = -29 + 81, -k + 12 = 3*g. Suppose 41*d - 55*d + 9095 = 93*d. What is the remainder when d is divided by k?
13
Let r be 3*(20/6 - 4). Let i(a) = -a - 6. Let l be i(r). Let x(m) = -10*m - 13. Calculate the remainder when x(l) is divided by 10.
7
Suppose -2*c + 0*c = -512. Let v(x) = -10*x**3 - 659*x**2 + 63*x - 155. What is the remainder when c is divided by v(-66)?
41
Let f(g) = -g**3 - 27*g**2 - 33*g - 175. Suppose 6 = 4*c - c. Calculate the remainder when f(-26) is divided by (c/4)/((-1)/(-6)).
1
Suppose 138*w + 124 = 142*w. Suppose -39*m = -w*m - 480. Calculate the remainder when m is divided by 16.
12
Let p(y) = 252*y + 6621. What is the remainder when 204 is divided by p(-26)?
66
Let r(c) = 24*c - 25. Let a be r(3). Suppose 5*k = 40 - 135. Let s = k + a. Calculate the remainder when 54 is divided by s.
26
Suppose 5*l - 4*y = 3*l + 8, -2*l + 33 = y. Let b(p) = 10 + 3*p - 23 + 0 - 9*p. Calculate the remainder when b(-11) is divided by l.
11
Let n(y) = -326*y - y**3 + 4*y**2 + 169*y + 4 + 164*y. What is the remainder when 74 is divided by n(5)?
4
Suppose 0 = -o - 5*n - 13 + 70, 5*o - 8*n - 219 = 0. Calculate the remainder when 465 is divided by o.
42
Let m(c) = -1 + 0 + 24*c - 2*c - 2. Let t be m(2). Let i = t - 36. What is the remainder when 13 is divided by i?
3
Suppose 5*y = 2*a + 2780, -23*a + 18*a - 556 = -y. Calculate the remainder when 1707 is divided by y.
39
Let s be (-1 + 28)*(-2 - -4). Calculate the remainder when (s/(-7))/(20/(-420)) is divided by 33.
30
Suppose 0*t + 66 = t. Suppose -43*z = 173*z - 3024. What is the remainder when t is divided by z?
10
Let x(c) = -c**3 + 2*c**2 + 16*c + 42. Let z be x(-4). Suppose y = 69 + z. Calculate the remainder when y is divided by 8.
7
Let l be (50 + -27)*((2 - 1) + -2). Let b be l - (-1 - (1 + 1)). What is the remainder when 36 is divided by 4*(-95)/b + 0?
17
What is the remainder when 370 is divided by (-4602)/(-39)*(-5)/(-10)?
16
Suppose 5*z - 137 = 7*t + 45, -4*z = -t - 164. What is the remainder when 248 is divided by z?
38
Suppose 0 = -465*q - 1320 + 45495. What is the remainder when 20709 is divided by q?
94
Let v be ((-14)/(-3))/(1/3). Suppose t = -5*r + v + 34, -3*t + 88 = r. Let h = t - 5. Calculate the remainder when 44 is divided by h.
21
Let q be 4/6*(-9)/(-2). Suppose q*a - 2*m - 16 = 90, 5*a + m - 155 = 0. Suppose 33*u - 121 = 22*u. Calculate the remainder when a is divided by u.
10
Let i(w) = -w**3 - w + 28. Let f(r) = 4*r**2 + r - 34. Calculate the remainder when f(6) is divided by i(0).
4
Let f = 390 + -329. Let k(w) = -5*w + 1. What is the remainder when f is divided by k(-6)?
30
Let t = -21 - -23. Suppose -t*z + 7*z = 0. Let g = z - -6. What is the remainder when 10 is divided by g?
4
Let v(p) = -144*p - 1033. Calculate the remainder when v(-60) is divided by 24.
23
Suppose 55 = -6*d - 71. Let y(t) = t**2 + 8*t - 202. What is the remainder when y(d) is divided by 23?
2
Suppose -83*f + 73*f + 130 = 0. Calculate the remainder when 19 is divided by f.
6
Let s(a) = -3*a**2 + 157*a + 129. Calculate the remainder when 154 is divided by s(53).
16
Let b(t) = t**3 - 15*t**2 - 11*t + 163. What is the remainder when b(17) is divided by 82?
62
Suppose -5*i = o - 2, 2*i + i + 3 = 0. Let z(p) = -p**2 - 9*p + 19 + 23 - 32 + 0*p**2. Calculate the remainder when z(-8) is divided by o.
4
Let m = 56 - -80. Suppose 3*q - 67 = g, -36 = 4*q - 4*g - m. What is the remainder when q is divided by ((-2)/3)/(2/(-33))?
10
Suppose -33*i + 2238 = -30*i. What is the remainder when i is divided by 47?
41
Suppose -201*b = -45775 - 53059 + 24464. What is the remainder when b is divided by 175?
20
Suppose m = -7 - 10. Calculate the remainder when (-2 - -4)/((-1)/m) is divided by 13 - -3 - (49 + -52).
15
Let b = -23488 + 23849. Calculate the remainder when b is divided by 120.
1
Let z be ((-2